{"id":20,"date":"2015-07-28T09:57:29","date_gmt":"2015-07-28T07:57:29","guid":{"rendered":"http:\/\/www.maerchen-klang.de\/?page_id=20"},"modified":"2017-01-12T12:44:11","modified_gmt":"2017-01-12T11:44:11","slug":"fuer-kinder","status":"publish","type":"page","link":"http:\/\/www.maerchen-klang.de\/?page_id=20","title":{"rendered":"M\u00e4rchensch\u00e4tze f\u00fcr Kinder"},"content":{"rendered":"<p>In Kinderg\u00e4rten und Schulen gestalten wir unsere M\u00e4rchenerz\u00e4hlungen besonders kindgerecht und vertiefen Sie mit anschlie\u00dfenden Aktivit\u00e4ten.<\/p>\n<p>Die Auswahl der M\u00e4rchen und Aktivit\u00e4ten treffen wir stets dem Alter und Entwicklungsstand der Kinder entsprechend und erleben immer wieder, dass auch unruhige Kinder mit Hilfe der Harfenkl\u00e4nge zur Ruhe kommen und der Erz\u00e4hlung interessiert und ausdauernd lauschen.<br \/>\nGerne stellen wir\u00a0die <a href=\"http:\/\/www.maerchen-klang.de\/?page_id=109\">keltische Harfe<\/a> als unsere &#8222;Freundin&#8220; vor und erm\u00f6glichen den Kindern einen ersten pers\u00f6nlichen Kontakt zu diesem besonderen Musikinstrument.<\/p>\n<p>&nbsp;<\/p>\n<figure id=\"attachment_165\" aria-describedby=\"caption-attachment-165\" style=\"width: 708px\" class=\"wp-caption aligncenter\"><a href=\"http:\/\/www.maerchen-klang.de\/wp-content\/uploads\/2015\/07\/DSC04578.jpg\"><img loading=\"lazy\" class=\"wp-image-165\" src=\"http:\/\/www.maerchen-klang.de\/wp-content\/uploads\/2015\/07\/DSC04578.jpg\" alt=\"DSC04578\" width=\"708\" height=\"531\" \/><\/a><figcaption id=\"caption-attachment-165\" class=\"wp-caption-text\">2. Wiesmoorer M\u00e4rchenfest 6.-8. Juli 2012<\/figcaption><\/figure>\n<p>Um den besonderen p\u00e4dagogischen Wert der M\u00e4rchen weiterzugeben bieten wir f\u00fcr M\u00e4rchenprojekte begleitende und unterst\u00fctzende Zusammenarbeit an und gestalten mit unserem Hintergrundwissen Elternabende zum Thema M\u00e4rchen.<\/p>\n<p>Wir freuen uns, wenn Sie Kontakt mit uns aufnehmen und erstellen gemeinsam mit Ihnen ein individuelles Programm f\u00fcr ihre Gruppen, Klassen oder auch f\u00fcr ihre Projekte&#8230;<\/p>\n<p><strong><em><span style=\"color: #ffffff;\">M\u00e4rchengedanken :<\/span><\/em><\/strong><\/p>\n<p style=\"text-align: center;\"><span style=\"color: #ffffff;\"><strong><em>\u00a0 <\/em><\/strong><\/span>&#8222;Wenn du intelligente Kinder willst, lies ihnen M\u00e4rchen\u00a0 vor.<br \/>\nWenn du noch intelligentere Kinder willst, lies ihnen noch mehr M\u00e4rchen vor.&#8220;<br \/>\nALBERT EINSTEIN<\/p>\n","protected":false},"excerpt":{"rendered":"<p>In Kinderg\u00e4rten und Schulen gestalten wir unsere M\u00e4rchenerz\u00e4hlungen besonders kindgerecht und vertiefen Sie mit anschlie\u00dfenden Aktivit\u00e4ten. Die Auswahl der M\u00e4rchen und Aktivit\u00e4ten treffen wir stets dem Alter und Entwicklungsstand der Kinder entsprechend und erleben immer wieder, dass auch unruhige Kinder mit Hilfe der Harfenkl\u00e4nge zur Ruhe kommen und der Erz\u00e4hlung interessiert und ausdauernd lauschen. Gerne&#8230; <a href=\"http:\/\/www.maerchen-klang.de\/?page_id=20\" class=\"more-link\">Continue reading <span class=\"screen-reader-text\">M\u00e4rchensch\u00e4tze f\u00fcr Kinder<\/span><\/a><\/p>\n","protected":false},"author":1,"featured_media":0,"parent":14,"menu_order":0,"comment_status":"closed","ping_status":"closed","template":"","meta":[],"_links":{"self":[{"href":"http:\/\/www.maerchen-klang.de\/index.php?rest_route=\/wp\/v2\/pages\/20"}],"collection":[{"href":"http:\/\/www.maerchen-klang.de\/index.php?rest_route=\/wp\/v2\/pages"}],"about":[{"href":"http:\/\/www.maerchen-klang.de\/index.php?rest_route=\/wp\/v2\/types\/page"}],"author":[{"embeddable":true,"href":"http:\/\/www.maerchen-klang.de\/index.php?rest_route=\/wp\/v2\/users\/1"}],"replies":[{"embeddable":true,"href":"http:\/\/www.maerchen-klang.de\/index.php?rest_route=%2Fwp%2Fv2%2Fcomments&post=20"}],"version-history":[{"count":18,"href":"http:\/\/www.maerchen-klang.de\/index.php?rest_route=\/wp\/v2\/pages\/20\/revisions"}],"predecessor-version":[{"id":961,"href":"http:\/\/www.maerchen-klang.de\/index.php?rest_route=\/wp\/v2\/pages\/20\/revisions\/961"}],"up":[{"embeddable":true,"href":"http:\/\/www.maerchen-klang.de\/index.php?rest_route=\/wp\/v2\/pages\/14"}],"wp:attachment":[{"href":"http:\/\/www.maerchen-klang.de\/index.php?rest_route=%2Fwp%2Fv2%2Fmedia&parent=20"}],"curies":[{"name":"wp","href":"https:\/\/api.w.org\/{rel}","templated":true}]}}